s g(-192)?
27
Let i(p) = 1380*p - 13798. What is i(10)?
2
Let f(c) = -c - 8. Determine f(20).
-28
Let f(v) = -546*v + 1637. Give f(3).
-1
Let o(f) = -54*f**2 - 3*f - 88. Determine o(0).
-88
Let a(k) = 55*k - 660. Calculate a(12).
0
Let y(b) = -6*b**2 - 4*b + 84. Calculate y(-13).
-878
Let c(z) = -6*z**2 - 9*z - 74. Determine c(-7).
-305
Let u(m) = 181*m - 36192. Determine u(200).
8
Let k(i) = -i**2 + 5*i + 1121. Determine k(-31).
5
Let j(q) = q**3 - 8*q**2 + 16*q - 31. What is j(6)?
-7
Let k(q) = 640*q + 2555. Give k(-4).
-5
Let n(f) = -2*f**2 - 49*f - 144. What is n(-20)?
36
Let t(c) = -14*c**2 - 1063*c + 94. Determine t(-76).
18
Let f(t) = -2*t**2 - 119*t + 4223. Give f(25).
-2
Let x(w) = 20*w**3 + 26*w**2 - 21*w - 3. Give x(1).
22
Let y(x) = 1234*x - 17259. Calculate y(14).
17
Let c(l) = -3*l**2 - 54*l + 412. Determine c(6).
-20
Let z(d) = -1370*d + 39743. Determine z(29).
13
Let i(j) = -j**3 - j**2 + 12*j + 70. Give i(-3).
52
Let a(j) = -988*j + 3948. Give a(4).
-4
Let s(h) = -16*h**2 + 142*h + 704. Determine s(-4).
-120
Let j(x) = 2*x**2 - 203*x - 7567. Give j(-29).
2
Let d(q) = -102*q + 2962. Give d(29).
4
Let s(l) = l**3 + 4*l**2 - 265*l - 532. What is s(-2)?
6
Let o(d) = 112*d + 410. What is o(-8)?
-486
Let g(h) = -h**2 - 4*h - 16. Calculate g(-5).
-21
Let m(z) = 28*z**2 + 4*z + 11. What is m(-5)?
691
Let v(x) = 131*x - 1819. Determine v(14).
15
Let t(y) = y**3 - 29*y**2 + 2*y - 35. Calculate t(29).
23
Let q(k) = 2*k**2 + 10842*k - 43391. Calculate q(4).
9
Let m(n) = -385*n + 2326. Determine m(6).
16
Let q(c) = -5*c**2 + 491*c + 223. Calculate q(99).
-173
Let f(w) = w**2 + 9*w - 7. Determine f(-10).
3
Let m(d) = -3*d**3 - 48*d**2 + 129*d + 111. Give m(3).
-15
Let f(r) = 221*r - 454. What is f(2)?
-12
Let m(z) = -39*z**2 - 39*z - 78. What is m(-2)?
-156
Let s(r) = 4*r**3 + 4*r**2 - 725*r - 728. What is s(-1)?
-3
Let d(j) = 3*j**2 - 31*j + 72. Give d(7).
2
Let a(c) = -18*c - 1153. What is a(-60)?
-73
Let m(a) = -5*a**2 - 147*a - 865. Give m(-21).
17
Let r(q) = -7*q**2 + 127*q + 455. Determine r(21).
35
Let o(w) = -156*w + 3419. What is o(22)?
-13
Let x(j) = j**3 + 19*j**2 - 23*j + 407. Calculate x(-21).
8
Let z(t) = -6*t**2 + 215*t - 1075. Calculate z(30).
-25
Let w(o) = -368*o + 77. Give w(3).
-1027
Let k(d) = -37*d + 1023. Determine k(25).
98
Let w(y) = 5166*y + 46492. Determine w(-9).
-2
Let f(x) = 584*x + 2964. What is f(-5)?
44
Let f(m) = -3*m**2 - 770*m - 2032. Calculate f(-254).
0
Let f(v) = -19*v + 452. What is f(30)?
-118
Let i(z) = z**2 + 32*z + 33. Give i(-25).
-142
Let p(g) = g**3 - 4*g**2 + g + 5. Calculate p(3).
-1
Let p(n) = -5*n**2 - 174*n + 64. Calculate p(-35).
29
Let u(s) = -3*s**3 + 23*s**2 + 13*s - 52. Determine u(7).
137
Let c(v) = 405*v - 10537. Determine c(26).
-7
Let p(a) = -a**3 - 14*a**2 - 29*a + 158. Give p(-7).
18
Let t(w) = 408*w - 5198. Determine t(13).
106
Let i(a) = 20*a + 52. Give i(-5).
-48
Let l(x) = 1432*x + 118857. Give l(-83).
1
Let i(c) = -7*c**2 + 8*c. Determine i(3).
-39
Let o(r) = -1001*r + 19015. Give o(19).
-4
Let c(j) = 2*j**3 - 2*j**2 - 50*j + 106. Determine c(2).
14
Let z(w) = -23*w - 2205. Give z(-93).
-66
Let x(i) = -122*i + 5. Give x(-2).
249
Let f(p) = 212*p - 1917. Determine f(7).
-433
Let n(q) = 21*q - 1349. What is n(64)?
-5
Let b(z) = 110*z - 322. Calculate b(4).
118
Let g(l) = -l**3 + 2*l**2 + 17*l - 11. Determine g(5).
-1
Let d(w) = -208*w + 10195. Determine d(49).
3
Let u(c) = c**2 - c - 95. What is u(8)?
-39
Let s(u) = -336*u + 10770. Determine s(32).
18
Let n(f) = -11*f + 104. Give n(6).
38
Let j(r) = 141*r - 699. Calculate j(5).
6
Let m(n) = 5*n + 127. Give m(-20).
27
Let s(n) = -10*n - 194. What is s(-17)?
-24
Let f(j) = -j**3 - 11*j**2 + j + 186. Give f(-9).
15
Let y(a) = -a**2 + 84*a - 1430. Give y(24).
10
Let x(q) = -q**3 + 10*q**2 + 30*q - 301. Determine x(9).
50
Let i(v) = -v**3 - 152*v**2 - 168*v - 2564. Determine i(-151).
3
Let o(r) = -r**3 + 11*r**2 + 17*r - 280. Give o(6).
2
Let s(g) = -2*g**3 + 182*g**2 - 356*g + 3. What is s(89)?
3
Let i(u) = 14*u**2 - 169*u + 9. Determine i(12).
-3
Let p(t) = -4*t - 330. Give p(2).
-338
Let y(g) = g**3 + 8*g**2 - 8*g - 134. What is y(-5)?
-19
Let w(q) = q**2 + 123*q - 2681. Give w(19).
17
Let w(m) = -112*m - 190. What is w(-2)?
34
Let n(s) = -200*s + 1201. Give n(6).
1
Let c(j) = -j**2 - 14*j + 72. Calculate c(0).
72
Let t(z) = -3*z**3 + 5*z**2 - 20*z + 29. What is t(2)?
-15
Let h(t) = t**2 + 44*t + 267. Determine h(-6).
39
Let x(b) = 2*b**2 + 52*b - 2713. What is x(26)?
-9
Let i(x) = -x**2 + 18*x - 18. Give i(22).
-106
Let n(y) = y**3 + 9*y**2 - 46*y + 20. Determine n(-15).
-640
Let r(p) = 700*p - 5745. Give r(9).
555
Let i(d) = -50*d + 487. Determine i(5).
237
Let o(i) = 2*i**3 - 103*i**2 - 33*i - 992. Give o(52).
-4
Let t(l) = 9*l**2 + 42*l + 178. Give t(-10).
658
Let o(t) = -56*t - 162. Determine o(-4).
62
Let n(w) = w**3 + 13*w**2 - 5*w - 67. Calculate n(-10).
283
Let x(v) = -v**2 - 25*v - 58. What is x(-6)?
56
Let o(a) = -43*a - 7264. Calculate o(-169).
3
Let q(o) = o**3 + 28*o**2 - 21*o - 203. What is q(-29)?
-435
Let y(h) = -h**2 - 137*h - 1037. Calculate y(-7).
-127
Let l(a) = a**2 - 172*a + 7423. What is l(87)?
28
Let i(c) = 231*c - 16. Determine i(0).
-16
Let t(i) = 11*i**2 - 38*i - 48. Give t(6).
120
Let x(o) = 401*o + 412. Determine x(-1).
11
Let y(j) = 4*j**2 - 19*j + 37. Calculate y(9).
190
Let q(l) = -154*l - 34632. Calculate q(-225).
18
Let x(l) = 7*l**3 - 279*l**2 - 37*l - 113. Determine x(40).
7
Let h(z) = z**3 + 6*z**2 + 6*z + 23. Determine h(-6).
-13
Let p(o) = -86*o + 14622. Determine p(170).
2
Let g(a) = -6*a**2 + 118*a - 531. What is g(6)?
-39
Let b(s) = 2*s + 80. Determine b(-38).
4
Let g(w) = w**3 + 10*w**2 - 9*w - 16. Give g(-8).
184
Let w(q) = q**2 - 28*q + 173. Determine w(20).
13
Let i(s) = 288*s + 48675. Calculate i(-169).
3
Let a(z) = -z**3 + 40*z**2 - 30*z - 351. What is a(39)?
0
Let p(a) = -a**2 + 1580*a + 20714. Give p(-13).
5
Let z(t) = 30*t**2 + 872*t + 75. Determine z(-29).
17
Let p(s) = -s**2 + 48*s - 353. Give p(9).
-2
Let w(u) = -u**2 - 132*u - 2404. Calculate w(-22).
16
Let l(d) = -595*d**3 - 16*d**2 - 20*d - 3. What is l(-1)?
596
Let n(o) = o**2 - 5*o - 121. Calculate n(13).
-17
Let n(u) = -4*u**3 + 31*u**2 - 50*u + 37. Give n(6).
-11
Let x(v) = 30*v - 472. Calculate x(15).
-22
Let d(g) = 212*g + 6147. Give d(-29).
-1
Let c(l) = -1904*l - 13261. Calculate c(-7).
67
Let m(i) = 2*i**2 - 113*i + 868. Calculate m(9).
13
Let m(z) = -534*z + 550. Calculate m(1).
16
Let m(l) = -2*l**2 - 10*l + 104. Determine m(0).
104
Let a(q) = -6*q**2 + 69*q - 2. Determine a(11).
31
Let m(o) = 2*o**3 + 9*o**2 - 14*o - 93. Give m(3).
0
Let s(o) = o**2 + 7*o - 2434. Calculate s(46).
4
Let a(v) = -2*v**2 - 30*v - 105. What is a(-11)?
-17
Let t(u) = 2*u**3 - 107*u**2 + 53*u + 73. Determine t(53).
73
Let y(c) = c**3 + 66*c**2 - 7*c - 480. What is y(-66)?
-18
Let n(z) = z**3 - 2*z**2 - 23*z + 25. Determine n(4).
-35
Let h(x) = -5*x**2 + 166*x + 1140. Calculate h(39).
9
Let w(s) = -s**2 + 12*s + 46. Determine w(11).
57
Let p(q) = -q**2 - 51*q - 348. Give p(-8).
-4
Let v(f) = -9*f**2 - 25*f - 60. Give v(-4).
-104
Let y(w) = 18*w + 21. Give y(3).
75
Let p(u) = 3*u**2 - 76*u + 416. What is p(6)?
68
Let v(u) = u**3 - 21*u**2 - 391*u + 78. Calculate v(32).
-1170
Let x(y) = 2*y**2 + 7*y - 12. Calculate x(-3).
-15
Let h(d) = 35*d + 587. Give h(-16).
27
Let m(a) = 2*a**3 - 18*a**2 + 24*a + 8. What is m(7)?
-20
Let p(v) = -v**3 + 29*v**2 + 93*v + 52. Determine p(32).
-44
Let p(t) = 36*t + 1. Give p(-10).
-359
Let c(i) = -i**3 + 13*i**2 - 71*i + 560. What is c(11)?
21
Let o(j) = 203*j - 3253. Calculate o(16).
-5
Let a(j) = j**2 + 243*j + 7079. Calculate a(-34).
-27
Let h(d) = d**3 + 13*d**2 + 18*d - 139. Determine h(-11).
-95
Let g(p) = 13*p**3 - 3*p**2 - 61*p - 59. Determine g(-1).
-14
Let d(i) = -i**3 - 8*i**2 + 3*i + 13. Calculate d(-6).
-77
Let i(q) = -25*q + 833. Determine i(37).
-92
Let g(n) = 2*n**3 + 39*n**2 - 27*n - 75. What is g(-20)?
65
Let m(w) = 233*w - 28. Calculate m(0).
-28
Let u(a) = -a**2 - 104*a + 13694. What is u(-180)?
14
Let r(q) = 345*q + 4636. Give r(-14).
-194
Let p(x) = -x**2 + 143*x - 3055. Determine p(117).
-13
Let a(p) = 5*p**2 - 83*p - 117. Determine a(18).
9
Let f(s) = 6*s**2 + 84*s + 147. D